n 2269 is divided by 28?
1
Calculate the remainder when 51155 is divided by 21.
20
Calculate the remainder when 192 is divided by 25.
17
What is the remainder when 453 is divided by 88?
13
Calculate the remainder when 142 is divided by 34.
6
Calculate the remainder when 296 is divided by 7.
2
Calculate the remainder when 411 is divided by 396.
15
What is the remainder when 95 is divided by 16?
15
Calculate the remainder when 16032 is divided by 243.
237
What is the remainder when 5844 is divided by 19?
11
Calculate the remainder when 327 is divided by 83.
78
What is the remainder when 172 is divided by 25?
22
What is the remainder when 138 is divided by 34?
2
What is the remainder when 10762 is divided by 3584?
10
What is the remainder when 214 is divided by 90?
34
Calculate the remainder when 1122 is divided by 1115.
7
What is the remainder when 2581 is divided by 8?
5
Calculate the remainder when 1863 is divided by 117.
108
Calculate the remainder when 53 is divided by 6.
5
What is the remainder when 177 is divided by 97?
80
Calculate the remainder when 158 is divided by 95.
63
What is the remainder when 303 is divided by 17?
14
Calculate the remainder when 132 is divided by 60.
12
What is the remainder when 9747 is divided by 250?
247
Calculate the remainder when 433 is divided by 161.
111
Calculate the remainder when 183 is divided by 14.
1
What is the remainder when 1499 is divided by 150?
149
Calculate the remainder when 414 is divided by 102.
6
Calculate the remainder when 2536 is divided by 1263.
10
What is the remainder when 14879 is divided by 186?
185
Calculate the remainder when 23 is divided by 23.
0
What is the remainder when 437 is divided by 4?
1
What is the remainder when 418 is divided by 12?
10
Calculate the remainder when 67 is divided by 14.
11
What is the remainder when 103 is divided by 9?
4
Calculate the remainder when 643 is divided by 210.
13
What is the remainder when 254 is divided by 4?
2
What is the remainder when 1939 is divided by 3?
1
What is the remainder when 571 is divided by 140?
11
What is the remainder when 103 is divided by 4?
3
What is the remainder when 420 is divided by 41?
10
What is the remainder when 85 is divided by 13?
7
What is the remainder when 507 is divided by 101?
2
What is the remainder when 181 is divided by 37?
33
Calculate the remainder when 11 is divided by 8.
3
What is the remainder when 3311 is divided by 1646?
19
What is the remainder when 1220 is divided by 17?
13
What is the remainder when 89 is divided by 4?
1
Calculate the remainder when 201 is divided by 8.
1
Calculate the remainder when 2370 is divided by 125.
120
What is the remainder when 622 is divided by 21?
13
Calculate the remainder when 152 is divided by 103.
49
What is the remainder when 1989 is divided by 48?
21
Calculate the remainder when 440 is divided by 132.
44
What is the remainder when 1075 is divided by 89?
7
Calculate the remainder when 259 is divided by 51.
4
What is the remainder when 189 is divided by 51?
36
Calculate the remainder when 321 is divided by 22.
13
What is the remainder when 113 is divided by 20?
13
What is the remainder when 105 is divided by 78?
27
What is the remainder when 177 is divided by 6?
3
What is the remainder when 5557 is divided by 309?
304
Calculate the remainder when 48 is divided by 19.
10
Calculate the remainder when 3501 is divided by 8.
5
What is the remainder when 252 is divided by 65?
57
What is the remainder when 342 is divided by 59?
47
What is the remainder when 130 is divided by 11?
9
Calculate the remainder when 3425 is divided by 26.
19
What is the remainder when 437 is divided by 63?
59
Calculate the remainder when 128 is divided by 3.
2
What is the remainder when 48 is divided by 18?
12
What is the remainder when 1065 is divided by 153?
147
Calculate the remainder when 1815 is divided by 905.
5
Calculate the remainder when 19586 is divided by 83.
81
Calculate the remainder when 1751 is divided by 63.
50
What is the remainder when 925 is divided by 116?
113
What is the remainder when 64 is divided by 54?
10
Calculate the remainder when 1230 is divided by 123.
0
Calculate the remainder when 2714 is divided by 17.
11
Calculate the remainder when 15213 is divided by 317.
314
What is the remainder when 97 is divided by 34?
29
What is the remainder when 452 is divided by 119?
95
Calculate the remainder when 181 is divided by 164.
17
Calculate the remainder when 19 is divided by 6.
1
Calculate the remainder when 203 is divided by 23.
19
What is the remainder when 238 is divided by 16?
14
What is the remainder when 134 is divided by 67?
0
Calculate the remainder when 12799 is divided by 251.
249
Calculate the remainder when 556 is divided by 13.
10
Calculate the remainder when 118 is divided by 30.
28
What is the remainder when 52 is divided by 20?
12
Calculate the remainder when 497 is divided by 18.
11
What is the remainder when 5440 is divided by 389?
383
Calculate the remainder when 177 is divided by 10.
7
What is the remainder when 16637 is divided by 128?
125
What is the remainder when 129 is divided by 11?
8
What is the remainder when 48 is divided by 17?
14
Calculate the remainder when 35 is divided by 19.
16
What is the remainder when 126 is divided by 20?
6
What is the remainder when 662 is divided by 9?
5
What is the remainder when 2119 is divided by 312?
247
What is the remainder when 313 is divided by 10?
3
What is the remainder when 162 is divided by 45?
27
Calculate the remainder when 1873 is divided by 212.
177
Calculate the remainder when 232 is divided by 39.
37
What is the remainder when 597 is divided by 201?
195
Calculate the remainder when 485 is divided by 96.
5
Calculate the remainder when 125 is divided by 26.
21
Calculate the remainder when 548 is divided by 132.
20
What is the remainder when 25 is divided by 2?
1
Calculate the remainder when 35 is divided by 22.
13
Calculate the remainder when 1215 is divided by 14.
11
What is the remainder when 3300 is divided by 24?
12
What is the remainder when 465 is divided by 160?
145
What is the remainder when 837 is divided by 15?
12
Calculate the remainder when 35 is divided by 30.
5
What is the remainder when 468 is divided by 7?
6
Calculate the remainder when 432 is divided by 14.
12
Calculate the remainder when 8125 is divided by 17.
16
What is the remainder when 1538 is divided by 67?
64
Calculate the remainder when 450 is divided by 6.
0
Calculate the remainder when 907 is divided by 28.
11
Calculate the remainder when 2712 is divided by 1352.
8
Calculate the remainder when 79 is divided by 16.
15
What is the remainder when 22 is divided by 2?
0
Calculate the remainder when 846 is divided by 11.
10
What is the remainder when 41 is divided by 9?
5
Calculate the remainder when 927 is divided by 19.
15
What is the remainder when 145 is divided by 22?
13
What is the remainder when 3286 is divided by 235?
231
What is the remainder when 860 is divided by 41?
40
Calculate the remainder when 3820 is divided by 98.
96
Calculate the remainder when 322 is divided by 24.
10
What is the remainder when 131 is divided by 15?
11
Calculate the remainder when 5772 is divided by 35.
32
What is the remainder when 200 is divided by 35?
25
What is the remainder when 1146 is divided by 496?
154
Calculate the remainder when 77 is divided by 8.
5
Calculate the remainder when 417 is divided by 15.
12
What is the remainder when 46 is divided by 5?
1
What is the remainder when 501 is divided by 42?
39
Calculate the remainder when 371 is divided by 152.
67
Calculate the remainder when 686 is divided by 672.
14
What is the remainder when 641 is divided by 14?
11
Calculate the remainder when 343 is divided by 70.
63
What is the remainder when 361 is divided by 26?
23
What is the remainder when 2231 is divided by 77?
75
Calculate the remainder when 155 is divided by 12.
11
What is the remainder when 83 is divided by 12?
11
Calculate the remainder when 41 is divided by 11.
8
What is the remainder when 4764 is divided by 1585?
9
Calculate the remainder when 9062 is divided by 8.
6
What is the remainder when 109 is divided by 57?
52
Calculate the remainder when 213 is divided by 128.
85
What is the remainder when 290 is divided 